and 11096.
152
Calculate the highest common factor of 5116450 and 100.
50
Calculate the greatest common divisor of 98 and 23471.
49
What is the greatest common factor of 105301 and 5488?
343
What is the greatest common divisor of 333 and 47397?
111
Calculate the greatest common divisor of 1071365 and 1175.
235
Calculate the greatest common factor of 47 and 61.
1
Calculate the greatest common factor of 2624 and 17088.
64
What is the highest common factor of 23 and 1646?
1
Calculate the greatest common factor of 158 and 2209393.
79
What is the greatest common divisor of 5445 and 6952?
11
Calculate the highest common factor of 4172 and 273.
7
Calculate the greatest common factor of 2485 and 695303.
497
Calculate the highest common divisor of 18170 and 85.
5
Calculate the highest common divisor of 2793 and 76.
19
Calculate the greatest common factor of 265 and 21677.
53
Calculate the highest common factor of 427854 and 210.
42
What is the highest common factor of 41426 and 13450?
538
What is the greatest common factor of 167202 and 315?
63
What is the greatest common divisor of 10 and 4765?
5
What is the highest common divisor of 875914 and 104?
26
Calculate the greatest common divisor of 920 and 1971100.
460
Calculate the highest common factor of 420 and 13252260.
420
Calculate the greatest common divisor of 456 and 55024.
152
What is the highest common factor of 4522 and 836?
38
What is the highest common factor of 215 and 30487?
43
What is the greatest common factor of 17202 and 658?
94
What is the highest common divisor of 96173 and 231?
77
Calculate the greatest common divisor of 9820 and 100.
20
Calculate the greatest common divisor of 122 and 249551.
61
Calculate the greatest common divisor of 232 and 6040.
8
Calculate the highest common divisor of 8 and 172608.
8
Calculate the greatest common divisor of 330 and 54615.
165
What is the greatest common factor of 226 and 94694?
226
What is the greatest common divisor of 36 and 413928?
36
What is the highest common divisor of 192073 and 2898?
161
Calculate the greatest common factor of 776091 and 3.
3
What is the highest common factor of 1717 and 119?
17
What is the greatest common divisor of 10074 and 148263?
219
What is the highest common factor of 5096 and 15190?
98
Calculate the highest common factor of 3804 and 2112.
12
Calculate the greatest common divisor of 570640 and 1008.
112
Calculate the highest common factor of 24 and 37808.
8
Calculate the highest common divisor of 157757 and 23.
23
What is the highest common factor of 37 and 1721?
1
Calculate the greatest common factor of 10656 and 16.
16
What is the highest common divisor of 11952 and 27084?
12
Calculate the highest common divisor of 169880 and 6944.
248
What is the greatest common divisor of 21 and 110481?
21
Calculate the greatest common divisor of 36568 and 21.
7
Calculate the greatest common factor of 7984 and 80.
16
What is the highest common divisor of 1472 and 15?
1
Calculate the greatest common divisor of 112 and 445396.
28
Calculate the greatest common factor of 30916 and 16244.
524
Calculate the greatest common divisor of 506 and 53866.
46
What is the highest common divisor of 183936 and 319972?
1916
Calculate the highest common divisor of 20 and 58294.
2
Calculate the greatest common divisor of 178 and 186722.
178
What is the highest common divisor of 66 and 15323?
11
Calculate the highest common divisor of 203974 and 4.
2
What is the greatest common factor of 12 and 504534?
6
What is the highest common divisor of 638512 and 98?
14
What is the highest common factor of 99 and 21560?
11
What is the greatest common divisor of 1365 and 156429?
273
Calculate the highest common divisor of 35 and 3235.
5
Calculate the highest common factor of 2062982 and 152.
38
What is the greatest common divisor of 308 and 71939?
7
Calculate the greatest common factor of 1192 and 32482.
298
Calculate the greatest common divisor of 3550 and 450.
50
Calculate the greatest common factor of 38 and 488034.
38
What is the greatest common divisor of 14450927 and 53?
53
Calculate the highest common factor of 30962 and 4110.
274
Calculate the greatest common divisor of 159172 and 16.
4
What is the highest common divisor of 5621 and 290248?
511
Calculate the highest common factor of 13176002 and 28.
14
What is the greatest common divisor of 3045 and 21945?
105
What is the greatest common factor of 6 and 116931?
3
What is the greatest common divisor of 7436 and 702?
26
What is the greatest common divisor of 656336 and 8?
8
What is the greatest common divisor of 1554 and 1431752?
518
Calculate the highest common factor of 194 and 2813.
97
Calculate the highest common factor of 2051 and 378.
7
What is the greatest common factor of 10 and 129530?
10
What is the greatest common factor of 42938 and 168?
14
What is the highest common divisor of 4930 and 40970?
170
What is the greatest common divisor of 132 and 14124?
132
What is the greatest common divisor of 726 and 21538?
242
Calculate the highest common divisor of 68 and 6715714.
34
Calculate the greatest common factor of 182320 and 460.
20
Calculate the greatest common factor of 4378 and 995.
199
Calculate the greatest common factor of 935383 and 1227.
409
Calculate the highest common factor of 53669 and 2091.
697
What is the highest common factor of 13376 and 54549?
209
What is the highest common factor of 1968 and 1296?
48
What is the greatest common factor of 5474 and 17066?
322
Calculate the highest common factor of 42304 and 136.
8
What is the greatest common factor of 256 and 3?
1
Calculate the greatest common factor of 12 and 17256.
12
What is the highest common divisor of 8931 and 52?
13
Calculate the greatest common divisor of 1841592 and 60.
12
Calculate the greatest common factor of 13607 and 121.
11
Calculate the greatest common divisor of 12 and 35472.
12
What is the greatest common divisor of 148 and 10249?
37
What is the highest common divisor of 309879 and 207?
207
What is the greatest common factor of 350 and 166300?
50
What is the highest common factor of 68 and 9843?
17
Calculate the highest common divisor of 529 and 860683.
529
Calculate the greatest common factor of 46 and 276897.
23
Calculate the highest common factor of 54252 and 2376.
396
What is the highest common divisor of 811455 and 3?
3
What is the highest common factor of 385336 and 10?
2
Calculate the highest common factor of 8532 and 211788.
108
Calculate the greatest common factor of 945804 and 586.
586
Calculate the highest common factor of 298 and 328247.
149
Calculate the highest common factor of 96096 and 840.
168
What is the highest common factor of 44990 and 5?
5
What is the greatest common factor of 1051870 and 50?
10
Calculate the greatest common divisor of 53010 and 4960.
310
What is the highest common factor of 1207830 and 13?
13
Calculate the greatest common divisor of 956 and 3.
1
What is the highest common divisor of 26902 and 31?
1
What is the greatest common divisor of 137 and 141521?
137
What is the greatest common factor of 7 and 604114?
7
Calculate the highest common divisor of 483 and 119147.
7
What is the greatest common divisor of 176 and 46750?
22
Calculate the highest common factor of 1488 and 203484.
372
What is the greatest common divisor of 2169 and 198?
9
What is the highest common divisor of 1086 and 61359?
543
Calculate the highest common factor of 44689 and 1160.
29
What is the highest common divisor of 84 and 989268?
84
Calculate the greatest common factor of 163431 and 27.
27
Calculate the highest common divisor of 3870 and 95331.
129
What is the highest common factor of 2869 and 101019?
151
Calculate the greatest common factor of 1396 and 4252.
4
What is the greatest common factor of 22 and 627?
11
Calculate the highest common divisor of 2152 and 50841.
269
Calculate the greatest common divisor of 35253 and 6.
3
What is the greatest common divisor of 1650 and 19350?
150
Calculate the greatest common factor of 309984 and 16.
16
Calculate the greatest common factor of 130398 and 5697.
633
What is the greatest common factor of 45891 and 12?
3
What is the greatest common factor of 727112 and 54346?
1874
What is the greatest common factor of 188 and 52123?
47
What is the highest common d